Let b be d(3). Let r(c) = 2 + c**2 + 3*c + b*c**2 + 0*c**2 - 7*c. Give r(v).
7
Let u(n) = n**2 + 5*n - 7. Suppose 0 = -4*a - 0*a + 8. Let y be (-8)/6*(-1 - a). Suppose -m - 35 = 2*m - 4*w, -5*m + y*w = 45. Calculate u(m).
-7
Suppose 35 = 12*z - 49. Let v(h) = -h**2 + 10*h - 9. Calculate v(z).
12
Let u(h) be the first derivative of h**3/3 - 3*h**2/2 - 4. Let a = -25 + 15. Let d = a - -14. Give u(d).
4
Let x(n) = -n**2 + 1. Let w be x(1). Suppose -l + w*l = 1. Let p(b) = -4*b**3 - b**2. Give p(l).
3
Suppose h + 5*z + 0*z = 21, 0 = 4*z - 20. Let r = h - -8. Let g(m) be the third derivative of m**6/120 - m**5/15 + m**4/24 - 5*m**3/6 + m**2. Determine g(r).
-1
Let t(g) be the third derivative of g**6/120 + g**5/20 - g**4/8 - g**3/2 + 7*g**2. Give t(-4).
-7
Let z(p) be the second derivative of -p**5/20 - p**4/2 - p**3 - 2*p. Calculate z(-4).
-8
Let f(y) = -y**2 + 5. Let j = -3 + -1. Determine f(j).
-11
Let b(n) be the first derivative of n**2/2 - 1. Suppose -2*l + 6 + 6 = 0. Suppose 0 = l*h - h. What is b(h)?
0
Let z(b) = b**2 + 2*b + 2. Let s be 2/(-5) + (-91)/35. Give z(s).
5
Let m(s) = s**2 - 2*s - 3. Let t be m(-3). Let y be (-16)/(-6) - t/18. Let f(v) = v**3 - v**2 + v - 2. Give f(y).
4
Let i(y) = -3*y. Let b be i(1). Let g(j) be the second derivative of -j**5/20 - j**4/4 + j**3/2 - j**2 + 27*j. Determine g(b).
-11
Let b(h) = h**3 + h**2 + 1. Let g(f) = -f**3 + 3*f**2 - 2*f + 6. Let j be g(3). Give b(j).
1
Let n = -18 + 20. Let t(h) = -1 + 4*h + 3*h**n - h**2 - 8*h**2 + 5*h**2. What is t(4)?
-1
Let u(o) = -o**2 + 8*o - 7. Let v(a) = -a**2 + 8*a - 7. Let p(l) = -5*u(l) + 4*v(l). Let j(i) = -i**2 - 7*i. Let h be j(-6). Determine p(h).
-5
Suppose -3*v + 1 = -2*i - 8, 0 = -5*i + v + 10. Let m(p) = 4 + 2*p + 1 - i*p. What is m(0)?
5
Let m(s) = 7 - 3*s + 1 + 2*s + 0*s. Determine m(0).
8
Let c(l) = l + 1. Let n(o) = -7*o**3 + 3*o + 2. Let g be n(-1). Let h = 13 - g. Give c(h).
8
Let p(q) = -q**3 - 5*q**2 + 7*q + 9. Let w be p(-6). Let g(h) = -1. Let o(t) = 3*t. Let f(m) = -2*g(m) - o(m). Determine f(w).
-7
Let m = 5 + 11. Let w be (0 - 3)/(12/m). Let l(p) = -2*p + 2. Give l(w).
10
Let s(p) = p**2 + 5*p + 3. Suppose 10*v = 9*v - 8. Let m(u) = 2*u + 11. Let y be m(v). Determine s(y).
3
Let x = -59 - -65. Let a(g) be the second derivative of g**4/12 - 5*g**3/6 - 2*g**2 - 2*g. Calculate a(x).
2
Let k(j) = 11*j**2 + 3*j + 11. Let g(r) = 4*r**2 + r + 4. Let v(z) = 8*g(z) - 3*k(z). Let t(l) = l**2 - 5*l + 4. Let n be t(3). Give v(n).
-3
Let v(i) = -i + 51. Let a be v(0). Let x(o) = 2*o**2 + o**2 + a - 52. Calculate x(1).
2
Let w = 15 - 10. Suppose w*i + 15 = -4*d, 0 = d - 4*d. Let x(k) be the first derivative of -k**4/4 - 4*k**3/3 - k**2 + 2*k - 1. What is x(i)?
-1
Let z(r) be the second derivative of r**6/360 + r**5/120 - r**4/8 - 2*r**3/3 + 4*r. Let k(b) be the second derivative of z(b). Determine k(-4).
9
Let n(i) = i - 2. Let t be n(2). Let h(q) = -2*q + 11 + q + t*q. What is h(5)?
6
Let i(j) = j + 12. Let u be i(-9). Suppose 6 = 4*z + 2. Suppose -u*k - 2 = z. Let v(w) = -w - 2. Determine v(k).
-1
Suppose -r - y + 4 = -0*r, 0 = 5*r - 4*y + 16. Let v(u) = u**2 - u + 4. Give v(r).
4
Let f(w) be the first derivative of w**2/2 - w + 3. Let d(i) = -3*i + 12. Let c be d(4). What is f(c)?
-1
Let l(g) = 3*g**2 + 4*g - 5*g**2 + 3*g**2 + 2 + 2*g. What is l(-5)?
-3
Let x(q) = -q**3 + 5*q**2 + q. Let m = 108 + -103. Give x(m).
5
Let l(c) be the second derivative of c**6/360 + c**5/120 - 5*c**4/24 - 2*c**3/3 - 4*c. Let v(g) be the second derivative of l(g). What is v(-4)?
7
Suppose 0 = -z + r, 3 = 5*r - 4*r. Let w(s) = -s**2 + 5*s - 3. Determine w(z).
3
Let b(l) be the third derivative of -l**5/12 - 3*l**4/8 + l**3/2 - 9*l**2. Let m(n) = -4*n**2 - 8*n + 3. Let g(p) = -3*b(p) + 4*m(p). What is g(-6)?
-3
Let p(n) = -n**3 + 2*n**2 - 3*n - 2. Let y(v) = -v**3 + v**2 - 4*v - 2. Let s(b) = -4*p(b) + 3*y(b). Give s(4).
-14
Suppose 2*b = 4*b - 6. Let x(u) = 0*u**b - 4*u**2 - u - 3*u**2 + 6*u**2 + 4*u**3. What is x(-1)?
-4
Let w(m) be the second derivative of -m**5/20 - m**4/3 + 2*m**3/3 + 5*m**2/2 + 14*m. Determine w(-4).
-11
Let m(h) = h**3 - h + 3. Let j be (-6)/1*(-3)/6. Suppose p = -2*p + 18. Let z be j/p*0/2. What is m(z)?
3
Let q(v) = -v**2 + 6*v - 2. Suppose 0*b + 3*b = -2*y + 1, -4*b - y = -8. Suppose -f + b = -0*f. Suppose -17 = -5*d + f. Calculate q(d).
6
Let n(r) = -2*r. Let q(j) = 2*j - 4*j + 4 - 12 + j. Let c be q(-7). Calculate n(c).
2
Suppose -2*r = -r. Suppose z - 2*z + 13 = 0. Let b(h) = z*h - 3*h**2 + 4*h**2 - 12*h + 0 + 5. What is b(r)?
5
Let n(x) = 1 - 3*x + 8*x - 13*x. Determine n(-1).
9
Let r(u) = 5*u**2 + 9*u + 1. Let x(k) = k - 2*k**2 + 3*k - 7*k. Let h(m) = -3*r(m) - 8*x(m). What is h(3)?
-3
Let d(a) = -a**2 + 6*a - 4. Suppose 20 = 2*z + 2*h, 3*z - 22 = 2*h - 3*h. Suppose -3 = -5*j + 2*g - z*g, 0 = -j + 3*g - 7. Let f = 5 + j. Determine d(f).
4
Let h(f) = f**3 - f**2 + f - 6. Suppose 0 = 3*k + 169 - 169. What is h(k)?
-6
Let k be (2 + 4 - 9) + -3. Let u(r) = -r + 6. Let s(c) = c - 7. Let t(w) = -2*s(w) - 3*u(w). Calculate t(k).
-10
Let l(t) = 0*t**3 - 33 - 6*t**3 + 32 + t**2. Give l(1).
-6
Suppose -3*q - 66 = -2*r, 5*r + 2*q = -29 + 213. Let l be ((-24)/r)/(2/3). Let u(f) = -2*f**3 - 1. What is u(l)?
1
Let u(t) = 4 + 0 - 2 + 5. Let h(r) = -r + 29. Let f(j) = 2*h(j) - 9*u(j). What is f(-4)?
3
Let j(f) = -3*f - 2. Let z = 7 + -3. What is j(z)?
-14
Let y(r) = r + 1. Let m be (-3 - 0 - 5)/(-2). Suppose 0 = -m*q - 5 + 1. Let i = q + 1. Determine y(i).
1
Let y(d) = -2*d**3 + 2*d**2 + 3*d - 3. Let n be 0/2 + 4 + -2. Give y(n).
-5
Let n(p) = -p**3 - 7*p**2 + 10*p + 11. Let g(z) = -z**2 + 6*z - 8. Let f be g(6). Calculate n(f).
-5
Let p(y) = -2 - y**2 + 0*y**2 + 2*y**2 + 1 + y**3. Let h be p(1). Let f(z) = z - 4*z + 3 + 0*z + h. What is f(3)?
-5
Let v(o) = o**3. Suppose 0 = -5*m + 6 - 1. Calculate v(m).
1
Let c(w) = -7*w - 7. Let j(l) = 6*l + 1 - 1 + 3 + 3. Let d(m) = -5*c(m) - 6*j(m). Let h(i) = -i**2 - 1. Let n be h(1). Determine d(n).
1
Let c(o) = o**2 - 6*o + 3. Let x(t) = t**2 - 16*t + 3. Let u be x(16). Suppose -2*j - i + 4*i + 3 = 0, 0 = u*i - 9. What is c(j)?
3
Let q(l) = -6*l - 7. Let m be q(0). Let n(y) = -y**3 - 6*y**2 + 8*y - 7. What is n(m)?
-14
Let s(n) be the first derivative of n**3/3 + n**2/2 - n + 1. Let k be 0/(-1*(-1 + 0)). Determine s(k).
-1
Let w be (-22)/((-2 + 1)/1). Suppose -3*k + 3*l = 15, -k - w = 4*k - 2*l. Let x(n) = n**3 + 4*n**2 - n - 1. What is x(k)?
3
Let x(m) be the first derivative of -m**2/2 - 4*m + 10. Let i(n) = n**3 + 3*n**2 + n. Let u be i(-3). Determine x(u).
-1
Let s(l) = l**2 + 3*l. Suppose 0 = -u - 4*c + 5*c + 16, -u + 19 = -2*c. Suppose 3*v = -4*x - 78, 7*v = x + 3*v + 10. Let t = u + x. Give s(t).
10
Let z(a) = -a**2 + 5*a + 7. Suppose -20*f + 10 = -18*f. Give z(f).
7
Suppose 4*l - 9 = l. Let r(t) = -t**2 - 29*t + 16. Let m(b) = -7*b + 4. Let c(x) = -9*m(x) + 2*r(x). What is c(l)?
-7
Let d(l) = -l**3 + 5*l**2 - 3*l - 5. Let q(x) = 3*x**2 - 2*x - 1. Let p be q(-1). Determine d(p).
-1
Suppose -4*n + 5 = 3*u - 2*u, -5*u - 25 = -5*n. Let h be (n + 10/(-4))*-2. Let f(v) = -v - 1. Give f(h).
-2
Let x(b) = -b - 5. Let s be x(-11). Suppose 4*m - 16 = -3*i, 4*i - 2*m = s + 8. Let p(l) = -l**3 + 4*l**2 + l - 5. Calculate p(i).
-1
Suppose -36 = -8*n + 5*n. Suppose 0*b - 3*b = n. Let z(s) = s**2 + 3*s - 3. What is z(b)?
1
Let p be (2/6)/(1/12). Let n(u) = u - 10. Let t(z) = -5. Let c(q) = 3*n(q) - 5*t(q). Calculate c(p).
7
Let c(q) = -5 - q**3 + 3 + 3 - 6*q + 5*q**2. Let z(t) = t**2 + 5. Let s be z(4). Let b = s - 17. Calculate c(b).
-7
Let b(v) = v + 10*v**2 - 4*v**3 + 0*v**3 + 3*v**3 - 8. Let i be b(10). Let o(s) = -5*s - s**2 - s + 0*s + 3*s**i. Give o(4).
8
Suppose 4*z = 5*m - 17, -z - 1 = m + 1. Suppose -3*x - r = -6, r + 10 = 5*x + 3*r. Let q(o) = 1 + 3*o**x - 5 + 2*o**3 - o**3. Calculate q(z).
-4
Let v(c) = -2*c - 4. Let r(f) = 1. Let x(a) = 3*r(a) - v(a). Let y be x(-5). Let b(p) = -p**2 - 2*p + 2. Give b(y).
-1
Let s(j) = -3*j - 1 + 5 - 6*j**2 + 12*j**2. Let g(l) = l**3 + l**2 + 1. Let v(u) = g(u) - s(u). Give v(2).
-9
Let c(w) = -w**2 + 2*w + 3. Let j be c(4). Let o(h) = -7 - 6*h**2 + 2*h**3 - 5*h**3 + 2*h**3 - 5*h. What is o(j)?
-7
Let i(c) be the first derivative of c**3/3 - 3*c - 2. What is i(3)?
6
Suppose s